{"id":7,"date":"2024-02-05T11:45:56","date_gmt":"2024-02-05T10:45:56","guid":{"rendered":"https:\/\/www.messermedical.sk\/?page_id=7"},"modified":"2024-02-05T12:35:34","modified_gmt":"2024-02-05T11:35:34","slug":"domov","status":"publish","type":"page","link":"https:\/\/www.messermedical.sk\/","title":{"rendered":"Domov"},"content":{"rendered":"\n<div class=\"wp-block-cover alignfull\" style=\"min-height:720px\"><span aria-hidden=\"true\" class=\"wp-block-cover__background has-background-dim-100 has-background-dim has-background-gradient has-very-light-gray-to-cyan-bluish-gray-gradient-background\"><\/span><div class=\"wp-block-cover__inner-container is-layout-flow wp-block-cover-is-layout-flow\">\n<div class=\"inherit-container-width wp-block-group alignwide is-layout-constrained wp-block-group-is-layout-constrained\"><\/div>\n<\/div><\/div>\n\n\n\n<div class=\"wp-block-group alignfull has-ast-global-color-5-background-color has-background is-layout-constrained wp-container-core-group-layout-2 wp-block-group-is-layout-constrained\" id=\"about\" style=\"padding-top:143px;padding-bottom:144px\">\n<div class=\"wp-block-media-text has-media-on-the-right is-stacked-on-mobile\"><div class=\"wp-block-media-text__content\">\n<h2 class=\"wp-block-heading\" style=\"padding-right:40px\">Inov\u00e1cie Messer Medical v Zdravotnej Starostlivosti<\/h2>\n\n\n\n<p>Messer Medical Home Care Holding poskytuje lek\u00e1rom a pacientom v Eur\u00f3pe produkty a slu\u017eby pre dom\u00e1cu zdravotn\u00fa starostlivos\u0165, ako s\u00fa kysl\u00edkov\u00e1 terapia, lie\u010dba sp\u00e1nkov\u00e9ho apnoe a podpora ventil\u00e1cie. Zameriava sa na zn\u00ed\u017eenie tlaku na nemocni\u010dn\u00e9 zdroje a pon\u00faka rie\u0161enia na zlep\u0161enie efekt\u00edvnosti a kvality starostlivosti pri s\u00fa\u010dasnom riaden\u00ed n\u00e1kladov v starn\u00facej popul\u00e1cii. Spolo\u010dnos\u0165 sa zav\u00e4zuje k inov\u00e1cii a partnerstvu s odborn\u00edkmi v zdravotn\u00edctve, aby poskytovala udr\u017eate\u013en\u00e9 rie\u0161enia.<\/p>\n<\/div><figure class=\"wp-block-media-text__media\"><img loading=\"lazy\" decoding=\"async\" width=\"352\" height=\"152\" src=\"https:\/\/www.messermedical.sk\/wp-content\/uploads\/2024\/02\/Messer_Medical_Logo.png\" alt=\"\" class=\"wp-image-10 size-full\" srcset=\"https:\/\/www.messermedical.sk\/wp-content\/uploads\/2024\/02\/Messer_Medical_Logo.png 352w, https:\/\/www.messermedical.sk\/wp-content\/uploads\/2024\/02\/Messer_Medical_Logo-300x130.png 300w\" sizes=\"(max-width: 352px) 100vw, 352px\" \/><\/figure><\/div>\n<\/div>\n\n\n\n<div class=\"wp-block-group alignfull is-layout-constrained wp-container-core-group-layout-3 wp-block-group-is-layout-constrained\" id=\"whyus\" style=\"padding-top:144px;padding-bottom:144px\">\n<h2 class=\"wp-block-heading\">Pre\u010do si vybra\u0165 n\u00e1s<\/h2>\n\n\n\n<div class=\"wp-block-columns is-layout-flex wp-container-core-columns-layout-1 wp-block-columns-is-layout-flex\" style=\"margin-top:60px\">\n<div class=\"wp-block-column is-layout-flow wp-container-core-column-layout-1 wp-block-column-is-layout-flow\">\n<figure class=\"wp-block-image size-large\"><img decoding=\"async\" src=\"https:\/\/www.messermedical.sk\/wp-content\/themes\/astra\/inc\/assets\/images\/starter-content\/passionate.svg\" alt=\"\" class=\"wp-image-162\"\/><\/figure>\n\n\n\n<h3 class=\"wp-block-heading\" style=\"margin-top:16px\">Efekt\u00edvnos\u0165 a Kvalita<\/h3>\n\n\n\n<p>Messer Medical prin\u00e1\u0161a \u0161pi\u010dkov\u00e9 rie\u0161enia pre dom\u00e1cu starostlivos\u0165, ktor\u00e9 zvy\u0161uj\u00fa pohodlie a zdravie pacientov s minim\u00e1lnym z\u00e1sahom do ich denn\u00e9ho \u017eivota. Na\u0161a technol\u00f3gia a slu\u017eby s\u00fa navrhnut\u00e9 na poskytovanie optim\u00e1lnej starostlivosti priamo v dom\u00e1com prostred\u00ed.<\/p>\n<\/div>\n\n\n\n<div class=\"wp-block-column is-layout-flow wp-container-core-column-layout-2 wp-block-column-is-layout-flow\">\n<figure class=\"wp-block-image size-large\"><img decoding=\"async\" src=\"https:\/\/www.messermedical.sk\/wp-content\/themes\/astra\/inc\/assets\/images\/starter-content\/professional.svg\" alt=\"\" class=\"wp-image-163\"\/><\/figure>\n\n\n\n<h3 class=\"wp-block-heading\" style=\"margin-top:16px\">Efekt\u00edvnos\u0165 a Vzdel\u00e1vanie<\/h3>\n\n\n\n<p>Pon\u00fakame personalizovan\u00fa podporu a \u0161koliace programy pre lek\u00e1rov a pacientov, aby sme zabezpe\u010dili, \u017ee vyu\u017e\u00edvanie na\u0161ich produktov je jednoduch\u00e9 a efekt\u00edvne. Na\u0161e slu\u017eby s\u00fa zameran\u00e9 na zlep\u0161enie nez\u00e1vislosti pacientov a ich schopnosti riadi\u0165 vlastn\u00fa starostlivos\u0165.<\/p>\n<\/div>\n\n\n\n<div class=\"wp-block-column is-layout-flow wp-container-core-column-layout-3 wp-block-column-is-layout-flow\">\n<figure class=\"wp-block-image size-large\"><img decoding=\"async\" src=\"https:\/\/www.messermedical.sk\/wp-content\/themes\/astra\/inc\/assets\/images\/starter-content\/support.svg\" alt=\"\" class=\"wp-image-164\"\/><\/figure>\n\n\n\n<h3 class=\"wp-block-heading\" style=\"margin-top:16px\"><strong>Udr\u017eate\u013enos\u0165 a N\u00e1klady<\/strong><\/h3>\n\n\n\n<p>Na\u0161e rie\u0161enia s\u00fa ekonomicky efekt\u00edvne a zameran\u00e9 na zn\u00ed\u017eenie potreby hospitaliz\u00e1ci\u00ed, \u010d\u00edm sa zni\u017euj\u00fa celkov\u00e9 n\u00e1klady na zdravotn\u00fa starostlivos\u0165. Messer Medical sa zav\u00e4zuje k poskytovaniu udr\u017eate\u013en\u00fdch rie\u0161en\u00ed, ktor\u00e9 podporuj\u00fa dlhodob\u00e9 zdravie a pohodu.<\/p>\n<\/div>\n<\/div>\n<\/div>\n","protected":false},"excerpt":{"rendered":"<p>Inov\u00e1cie Messer Medical v Zdravotnej Starostlivosti Messer Medical Home Care Holding poskytuje lek\u00e1rom a pacientom v Eur\u00f3pe produkty a slu\u017eby [&hellip;]<\/p>\n","protected":false},"author":1,"featured_media":0,"parent":0,"menu_order":0,"comment_status":"closed","ping_status":"closed","template":"","meta":{"_monsterinsights_skip_tracking":false,"_monsterinsights_sitenote_active":false,"_monsterinsights_sitenote_note":"","_monsterinsights_sitenote_category":0,"site-sidebar-layout":"no-sidebar","site-content-layout":"plain-container","ast-site-content-layout":"","site-content-style":"default","site-sidebar-style":"default","ast-global-header-display":"","ast-banner-title-visibility":"","ast-main-header-display":"","ast-hfb-above-header-display":"","ast-hfb-below-header-display":"","ast-hfb-mobile-header-display":"","site-post-title":"disabled","ast-breadcrumbs-content":"","ast-featured-img":"","footer-sml-layout":"","theme-transparent-header-meta":"enabled","adv-header-id-meta":"","stick-header-meta":"","header-above-stick-meta":"","header-main-stick-meta":"","header-below-stick-meta":"","astra-migrate-meta-layouts":"default","ast-page-background-enabled":"default","ast-page-background-meta":{"desktop":{"background-color":"var(--ast-global-color-4)","background-image":"","background-repeat":"repeat","background-position":"center center","background-size":"auto","background-attachment":"scroll","background-type":"","background-media":"","overlay-type":"","overlay-color":"","overlay-gradient":""},"tablet":{"background-color":"","background-image":"","background-repeat":"repeat","background-position":"center center","background-size":"auto","background-attachment":"scroll","background-type":"","background-media":"","overlay-type":"","overlay-color":"","overlay-gradient":""},"mobile":{"background-color":"","background-image":"","background-repeat":"repeat","background-position":"center center","background-size":"auto","background-attachment":"scroll","background-type":"","background-media":"","overlay-type":"","overlay-color":"","overlay-gradient":""}},"ast-content-background-meta":{"desktop":{"background-color":"var(--ast-global-color-5)","background-image":"","background-repeat":"repeat","background-position":"center center","background-size":"auto","background-attachment":"scroll","background-type":"","background-media":"","overlay-type":"","overlay-color":"","overlay-gradient":""},"tablet":{"background-color":"var(--ast-global-color-5)","background-image":"","background-repeat":"repeat","background-position":"center center","background-size":"auto","background-attachment":"scroll","background-type":"","background-media":"","overlay-type":"","overlay-color":"","overlay-gradient":""},"mobile":{"background-color":"var(--ast-global-color-5)","background-image":"","background-repeat":"repeat","background-position":"center center","background-size":"auto","background-attachment":"scroll","background-type":"","background-media":"","overlay-type":"","overlay-color":"","overlay-gradient":""}},"footnotes":""},"yoast_head":"<!-- This site is optimized with the Yoast SEO plugin v23.5 - https:\/\/yoast.com\/wordpress\/plugins\/seo\/ -->\n<title>Domov - Messermedical<\/title>\n<meta name=\"robots\" content=\"index, follow, max-snippet:-1, max-image-preview:large, max-video-preview:-1\" \/>\n<link rel=\"canonical\" href=\"https:\/\/www.messermedical.sk\/\" \/>\n<meta property=\"og:locale\" content=\"sk_SK\" \/>\n<meta property=\"og:type\" content=\"article\" \/>\n<meta property=\"og:title\" content=\"Domov - Messermedical\" \/>\n<meta property=\"og:description\" content=\"Inov\u00e1cie Messer Medical v Zdravotnej Starostlivosti Messer Medical Home Care Holding poskytuje lek\u00e1rom a pacientom v Eur\u00f3pe produkty a slu\u017eby [&hellip;]\" \/>\n<meta property=\"og:url\" content=\"https:\/\/www.messermedical.sk\/\" \/>\n<meta property=\"og:site_name\" content=\"Messermedical\" \/>\n<meta property=\"article:modified_time\" content=\"2024-02-05T11:35:34+00:00\" \/>\n<meta property=\"og:image\" content=\"https:\/\/www.messermedical.sk\/wp-content\/uploads\/2024\/02\/Messer_Medical_Logo.png\" \/>\n<meta name=\"twitter:card\" content=\"summary_large_image\" \/>\n<meta name=\"twitter:label1\" content=\"Predpokladan\u00fd \u010das \u010d\u00edtania\" \/>\n\t<meta name=\"twitter:data1\" content=\"2 min\u00faty\" \/>\n<script type=\"application\/ld+json\" class=\"yoast-schema-graph\">{\"@context\":\"https:\/\/schema.org\",\"@graph\":[{\"@type\":\"WebPage\",\"@id\":\"https:\/\/www.messermedical.sk\/\",\"url\":\"https:\/\/www.messermedical.sk\/\",\"name\":\"Domov - Messermedical\",\"isPartOf\":{\"@id\":\"https:\/\/www.messermedical.sk\/#website\"},\"primaryImageOfPage\":{\"@id\":\"https:\/\/www.messermedical.sk\/#primaryimage\"},\"image\":{\"@id\":\"https:\/\/www.messermedical.sk\/#primaryimage\"},\"thumbnailUrl\":\"https:\/\/www.messermedical.sk\/wp-content\/uploads\/2024\/02\/Messer_Medical_Logo.png\",\"datePublished\":\"2024-02-05T10:45:56+00:00\",\"dateModified\":\"2024-02-05T11:35:34+00:00\",\"breadcrumb\":{\"@id\":\"https:\/\/www.messermedical.sk\/#breadcrumb\"},\"inLanguage\":\"sk-SK\",\"potentialAction\":[{\"@type\":\"ReadAction\",\"target\":[\"https:\/\/www.messermedical.sk\/\"]}]},{\"@type\":\"ImageObject\",\"inLanguage\":\"sk-SK\",\"@id\":\"https:\/\/www.messermedical.sk\/#primaryimage\",\"url\":\"https:\/\/www.messermedical.sk\/wp-content\/uploads\/2024\/02\/Messer_Medical_Logo.png\",\"contentUrl\":\"https:\/\/www.messermedical.sk\/wp-content\/uploads\/2024\/02\/Messer_Medical_Logo.png\",\"width\":352,\"height\":152},{\"@type\":\"BreadcrumbList\",\"@id\":\"https:\/\/www.messermedical.sk\/#breadcrumb\",\"itemListElement\":[{\"@type\":\"ListItem\",\"position\":1,\"name\":\"Home\",\"item\":\"https:\/\/www.messermedical.sk\/\"},{\"@type\":\"ListItem\",\"position\":2,\"name\":\"Domov\"}]},{\"@type\":\"WebSite\",\"@id\":\"https:\/\/www.messermedical.sk\/#website\",\"url\":\"https:\/\/www.messermedical.sk\/\",\"name\":\"Messermedical\",\"description\":\"\",\"publisher\":{\"@id\":\"https:\/\/www.messermedical.sk\/#organization\"},\"potentialAction\":[{\"@type\":\"SearchAction\",\"target\":{\"@type\":\"EntryPoint\",\"urlTemplate\":\"https:\/\/www.messermedical.sk\/?s={search_term_string}\"},\"query-input\":{\"@type\":\"PropertyValueSpecification\",\"valueRequired\":true,\"valueName\":\"search_term_string\"}}],\"inLanguage\":\"sk-SK\"},{\"@type\":\"Organization\",\"@id\":\"https:\/\/www.messermedical.sk\/#organization\",\"name\":\"Messermedical\",\"url\":\"https:\/\/www.messermedical.sk\/\",\"logo\":{\"@type\":\"ImageObject\",\"inLanguage\":\"sk-SK\",\"@id\":\"https:\/\/www.messermedical.sk\/#\/schema\/logo\/image\/\",\"url\":\"https:\/\/www.messermedical.sk\/wp-content\/uploads\/2024\/02\/Messer_Medical_Logo.png\",\"contentUrl\":\"https:\/\/www.messermedical.sk\/wp-content\/uploads\/2024\/02\/Messer_Medical_Logo.png\",\"width\":352,\"height\":152,\"caption\":\"Messermedical\"},\"image\":{\"@id\":\"https:\/\/www.messermedical.sk\/#\/schema\/logo\/image\/\"}}]}<\/script>\n<!-- \/ Yoast SEO plugin. -->","yoast_head_json":{"title":"Domov - Messermedical","robots":{"index":"index","follow":"follow","max-snippet":"max-snippet:-1","max-image-preview":"max-image-preview:large","max-video-preview":"max-video-preview:-1"},"canonical":"https:\/\/www.messermedical.sk\/","og_locale":"sk_SK","og_type":"article","og_title":"Domov - Messermedical","og_description":"Inov\u00e1cie Messer Medical v Zdravotnej Starostlivosti Messer Medical Home Care Holding poskytuje lek\u00e1rom a pacientom v Eur\u00f3pe produkty a slu\u017eby [&hellip;]","og_url":"https:\/\/www.messermedical.sk\/","og_site_name":"Messermedical","article_modified_time":"2024-02-05T11:35:34+00:00","og_image":[{"url":"https:\/\/www.messermedical.sk\/wp-content\/uploads\/2024\/02\/Messer_Medical_Logo.png"}],"twitter_card":"summary_large_image","twitter_misc":{"Predpokladan\u00fd \u010das \u010d\u00edtania":"2 min\u00faty"},"schema":{"@context":"https:\/\/schema.org","@graph":[{"@type":"WebPage","@id":"https:\/\/www.messermedical.sk\/","url":"https:\/\/www.messermedical.sk\/","name":"Domov - Messermedical","isPartOf":{"@id":"https:\/\/www.messermedical.sk\/#website"},"primaryImageOfPage":{"@id":"https:\/\/www.messermedical.sk\/#primaryimage"},"image":{"@id":"https:\/\/www.messermedical.sk\/#primaryimage"},"thumbnailUrl":"https:\/\/www.messermedical.sk\/wp-content\/uploads\/2024\/02\/Messer_Medical_Logo.png","datePublished":"2024-02-05T10:45:56+00:00","dateModified":"2024-02-05T11:35:34+00:00","breadcrumb":{"@id":"https:\/\/www.messermedical.sk\/#breadcrumb"},"inLanguage":"sk-SK","potentialAction":[{"@type":"ReadAction","target":["https:\/\/www.messermedical.sk\/"]}]},{"@type":"ImageObject","inLanguage":"sk-SK","@id":"https:\/\/www.messermedical.sk\/#primaryimage","url":"https:\/\/www.messermedical.sk\/wp-content\/uploads\/2024\/02\/Messer_Medical_Logo.png","contentUrl":"https:\/\/www.messermedical.sk\/wp-content\/uploads\/2024\/02\/Messer_Medical_Logo.png","width":352,"height":152},{"@type":"BreadcrumbList","@id":"https:\/\/www.messermedical.sk\/#breadcrumb","itemListElement":[{"@type":"ListItem","position":1,"name":"Home","item":"https:\/\/www.messermedical.sk\/"},{"@type":"ListItem","position":2,"name":"Domov"}]},{"@type":"WebSite","@id":"https:\/\/www.messermedical.sk\/#website","url":"https:\/\/www.messermedical.sk\/","name":"Messermedical","description":"","publisher":{"@id":"https:\/\/www.messermedical.sk\/#organization"},"potentialAction":[{"@type":"SearchAction","target":{"@type":"EntryPoint","urlTemplate":"https:\/\/www.messermedical.sk\/?s={search_term_string}"},"query-input":{"@type":"PropertyValueSpecification","valueRequired":true,"valueName":"search_term_string"}}],"inLanguage":"sk-SK"},{"@type":"Organization","@id":"https:\/\/www.messermedical.sk\/#organization","name":"Messermedical","url":"https:\/\/www.messermedical.sk\/","logo":{"@type":"ImageObject","inLanguage":"sk-SK","@id":"https:\/\/www.messermedical.sk\/#\/schema\/logo\/image\/","url":"https:\/\/www.messermedical.sk\/wp-content\/uploads\/2024\/02\/Messer_Medical_Logo.png","contentUrl":"https:\/\/www.messermedical.sk\/wp-content\/uploads\/2024\/02\/Messer_Medical_Logo.png","width":352,"height":152,"caption":"Messermedical"},"image":{"@id":"https:\/\/www.messermedical.sk\/#\/schema\/logo\/image\/"}}]}},"_links":{"self":[{"href":"https:\/\/www.messermedical.sk\/index.php?rest_route=\/wp\/v2\/pages\/7"}],"collection":[{"href":"https:\/\/www.messermedical.sk\/index.php?rest_route=\/wp\/v2\/pages"}],"about":[{"href":"https:\/\/www.messermedical.sk\/index.php?rest_route=\/wp\/v2\/types\/page"}],"author":[{"embeddable":true,"href":"https:\/\/www.messermedical.sk\/index.php?rest_route=\/wp\/v2\/users\/1"}],"replies":[{"embeddable":true,"href":"https:\/\/www.messermedical.sk\/index.php?rest_route=%2Fwp%2Fv2%2Fcomments&post=7"}],"version-history":[{"count":6,"href":"https:\/\/www.messermedical.sk\/index.php?rest_route=\/wp\/v2\/pages\/7\/revisions"}],"predecessor-version":[{"id":43,"href":"https:\/\/www.messermedical.sk\/index.php?rest_route=\/wp\/v2\/pages\/7\/revisions\/43"}],"wp:attachment":[{"href":"https:\/\/www.messermedical.sk\/index.php?rest_route=%2Fwp%2Fv2%2Fmedia&parent=7"}],"curies":[{"name":"wp","href":"https:\/\/api.w.org\/{rel}","templated":true}]}}